
{"id":103,"date":"2015-12-29T09:50:14","date_gmt":"2015-12-29T08:50:14","guid":{"rendered":"https:\/\/przedszkole121.edu.wroclaw.pl\/?page_id=103"},"modified":"2023-11-14T18:11:14","modified_gmt":"2023-11-14T17:11:14","slug":"grupy","status":"publish","type":"page","link":"https:\/\/przedszkole121.edu.wroclaw.pl\/index.php\/grupy\/","title":{"rendered":"Grupy"},"content":{"rendered":"<div class=\"wpb-content-wrapper\"><p>[vc_row][vc_column width=&#8221;1\/3&#8243;][vc_column_text css=&#8221;.vc_custom_1699981151237{margin-bottom: -15px !important;padding-top: 0px !important;padding-bottom: 0px !important;}&#8221;]<img loading=\"lazy\" decoding=\"async\" class=\"alignnone wp-image-6208 size-medium\" src=\"https:\/\/przedszkole121.edu.wroclaw.pl\/wp-content\/uploads\/sites\/15\/2023\/11\/sowki-1-205x300.jpg\" alt=\"\" width=\"205\" height=\"300\" srcset=\"https:\/\/przedszkole121.edu.wroclaw.pl\/wp-content\/uploads\/sites\/15\/2023\/11\/sowki-1-205x300.jpg 205w, https:\/\/przedszkole121.edu.wroclaw.pl\/wp-content\/uploads\/sites\/15\/2023\/11\/sowki-1-700x1024.jpg 700w, https:\/\/przedszkole121.edu.wroclaw.pl\/wp-content\/uploads\/sites\/15\/2023\/11\/sowki-1-768x1124.jpg 768w, https:\/\/przedszkole121.edu.wroclaw.pl\/wp-content\/uploads\/sites\/15\/2023\/11\/sowki-1-600x878.jpg 600w, https:\/\/przedszkole121.edu.wroclaw.pl\/wp-content\/uploads\/sites\/15\/2023\/11\/sowki-1-1049x1536.jpg 1049w, https:\/\/przedszkole121.edu.wroclaw.pl\/wp-content\/uploads\/sites\/15\/2023\/11\/sowki-1.jpg 1389w\" sizes=\"auto, (max-width: 205px) 100vw, 205px\" \/>[\/vc_column_text][cms_fancybox description=&#8221;Grupa S\u00f3wek- nauczycielki:Marta Podg\u00f3rska i Joanna Zieli\u0144ska&#8221; content_align=&#8221;center&#8221; title1=&#8221;Grupa S\u00f3wki Dzieci 6-letnie &#8222;Zer\u00f3wka&#8222;&#8221; button_link1=&#8221;https:\/\/przedszkole121.edu.wroclaw.pl\/?page_id=154&#8243; button_text=&#8221;Przejd\u017a na stron\u0119 grupy.&#8221; cms_fancybox_bg_color=&#8221;#8ec044&#8243; cms_template=&#8221;cms_fancybox.php&#8221; description1=&#8221;Nasze panie to pani Joanna Zieli\u0144ska i Marta Podg\u00f3rska&#8221; heading_1=&#8221;&#8221;][vc_empty_space][vc_column_text css=&#8221;.vc_custom_1699981089845{margin-bottom: -15px !important;padding-top: 0px !important;padding-bottom: 0px !important;}&#8221;]<img loading=\"lazy\" decoding=\"async\" class=\"alignnone wp-image-6206 size-medium\" src=\"https:\/\/przedszkole121.edu.wroclaw.pl\/wp-content\/uploads\/sites\/15\/2023\/11\/wrobelki-1-1-225x300.jpg\" alt=\"\" width=\"225\" height=\"300\" srcset=\"https:\/\/przedszkole121.edu.wroclaw.pl\/wp-content\/uploads\/sites\/15\/2023\/11\/wrobelki-1-1-225x300.jpg 225w, https:\/\/przedszkole121.edu.wroclaw.pl\/wp-content\/uploads\/sites\/15\/2023\/11\/wrobelki-1-1-768x1024.jpg 768w, https:\/\/przedszkole121.edu.wroclaw.pl\/wp-content\/uploads\/sites\/15\/2023\/11\/wrobelki-1-1-600x800.jpg 600w, https:\/\/przedszkole121.edu.wroclaw.pl\/wp-content\/uploads\/sites\/15\/2023\/11\/wrobelki-1-1-1152x1536.jpg 1152w, https:\/\/przedszkole121.edu.wroclaw.pl\/wp-content\/uploads\/sites\/15\/2023\/11\/wrobelki-1-1-1536x2048.jpg 1536w, https:\/\/przedszkole121.edu.wroclaw.pl\/wp-content\/uploads\/sites\/15\/2023\/11\/wrobelki-1-1.jpg 1556w\" sizes=\"auto, (max-width: 225px) 100vw, 225px\" \/>[\/vc_column_text][cms_fancybox content_align=&#8221;center&#8221; title1=&#8221;Grupa Wr\u00f3belki, dzieci 3-letnie.&#8221; button_link1=&#8221;https:\/\/przedszkole121.edu.wroclaw.pl\/?page_id=143&#8243; button_text=&#8221;Przejd\u017a na stron\u0119 grupy.&#8221; cms_fancybox_bg_color=&#8221;#8ec044&#8243; cms_template=&#8221;cms_fancybox.php&#8221; description1=&#8221;Nasze panie to pani Ewa Bandziak i Aleksandra Kondracka&#8221; heading_1=&#8221;&#8221;][\/vc_column][vc_column width=&#8221;1\/3&#8243;][vc_column_text css=&#8221;.vc_custom_1699981171110{margin-bottom: -15px !important;padding-top: 0px !important;padding-bottom: 0px !important;}&#8221;]<img loading=\"lazy\" decoding=\"async\" class=\"alignnone wp-image-6198 size-medium\" src=\"https:\/\/przedszkole121.edu.wroclaw.pl\/wp-content\/uploads\/sites\/15\/2023\/11\/kaczuszki-1-212x300.jpg\" alt=\"\" width=\"212\" height=\"300\" srcset=\"https:\/\/przedszkole121.edu.wroclaw.pl\/wp-content\/uploads\/sites\/15\/2023\/11\/kaczuszki-1-212x300.jpg 212w, https:\/\/przedszkole121.edu.wroclaw.pl\/wp-content\/uploads\/sites\/15\/2023\/11\/kaczuszki-1-722x1024.jpg 722w, https:\/\/przedszkole121.edu.wroclaw.pl\/wp-content\/uploads\/sites\/15\/2023\/11\/kaczuszki-1-768x1089.jpg 768w, https:\/\/przedszkole121.edu.wroclaw.pl\/wp-content\/uploads\/sites\/15\/2023\/11\/kaczuszki-1-600x851.jpg 600w, https:\/\/przedszkole121.edu.wroclaw.pl\/wp-content\/uploads\/sites\/15\/2023\/11\/kaczuszki-1-1083x1536.jpg 1083w, https:\/\/przedszkole121.edu.wroclaw.pl\/wp-content\/uploads\/sites\/15\/2023\/11\/kaczuszki-1-1444x2048.jpg 1444w, https:\/\/przedszkole121.edu.wroclaw.pl\/wp-content\/uploads\/sites\/15\/2023\/11\/kaczuszki-1.jpg 1718w\" sizes=\"auto, (max-width: 212px) 100vw, 212px\" \/>[\/vc_column_text][cms_fancybox content_align=&#8221;center&#8221; title1=&#8221;Grupa Kaczuszki, dzieci 4-letnie&#8221; button_link1=&#8221;https:\/\/przedszkole121.edu.wroclaw.pl\/?page_id=148&#8243; button_text=&#8221;Przejd\u017a na stron\u0119 grupy.&#8221; cms_fancybox_bg_color=&#8221;#8ec044&#8243; cms_template=&#8221;cms_fancybox.php&#8221; description1=&#8221;Nasze panie to pani Kazimiera W\u00f3jcicka i Wioletta Surowiecka &#8221; heading_1=&#8221;&#8221;][vc_empty_space][vc_column_text css=&#8221;.vc_custom_1699981111206{margin-bottom: -15px !important;padding-top: 0px !important;padding-bottom: 0px !important;}&#8221;]<img loading=\"lazy\" decoding=\"async\" class=\"alignnone wp-image-6196 size-medium\" src=\"https:\/\/przedszkole121.edu.wroclaw.pl\/wp-content\/uploads\/sites\/15\/2023\/11\/jaskolki-1-284x300.jpg\" alt=\"\" width=\"284\" height=\"300\" srcset=\"https:\/\/przedszkole121.edu.wroclaw.pl\/wp-content\/uploads\/sites\/15\/2023\/11\/jaskolki-1-284x300.jpg 284w, https:\/\/przedszkole121.edu.wroclaw.pl\/wp-content\/uploads\/sites\/15\/2023\/11\/jaskolki-1-971x1024.jpg 971w, https:\/\/przedszkole121.edu.wroclaw.pl\/wp-content\/uploads\/sites\/15\/2023\/11\/jaskolki-1-768x810.jpg 768w, https:\/\/przedszkole121.edu.wroclaw.pl\/wp-content\/uploads\/sites\/15\/2023\/11\/jaskolki-1-600x633.jpg 600w, https:\/\/przedszkole121.edu.wroclaw.pl\/wp-content\/uploads\/sites\/15\/2023\/11\/jaskolki-1-1456x1536.jpg 1456w, https:\/\/przedszkole121.edu.wroclaw.pl\/wp-content\/uploads\/sites\/15\/2023\/11\/jaskolki-1.jpg 1799w\" sizes=\"auto, (max-width: 284px) 100vw, 284px\" \/>[\/vc_column_text][cms_fancybox content_align=&#8221;center&#8221; title1=&#8221;Grupa Jask\u00f3\u0142ki dzieci 5 letnie.&#8221; button_link1=&#8221;https:\/\/przedszkole121.edu.wroclaw.pl\/?page_id=150&#8243; button_text=&#8221;Przejd\u017a na stron\u0119 grupy.&#8221; cms_fancybox_bg_color=&#8221;#8ec044&#8243; cms_template=&#8221;cms_fancybox.php&#8221; description1=&#8221;Nasze panie to Joanna Olkowska i Anna Stadnik &#8221; heading_1=&#8221;&#8221;][\/vc_column][vc_column width=&#8221;1\/3&#8243;][vc_column_text css=&#8221;.vc_custom_1699981190806{margin-bottom: -15px !important;padding-top: 0px !important;padding-bottom: 0px !important;}&#8221;]<img loading=\"lazy\" decoding=\"async\" class=\"alignnone wp-image-6200 size-medium\" src=\"https:\/\/przedszkole121.edu.wroclaw.pl\/wp-content\/uploads\/sites\/15\/2023\/11\/sikorki-1-213x300.jpg\" alt=\"\" width=\"213\" height=\"300\" srcset=\"https:\/\/przedszkole121.edu.wroclaw.pl\/wp-content\/uploads\/sites\/15\/2023\/11\/sikorki-1-213x300.jpg 213w, https:\/\/przedszkole121.edu.wroclaw.pl\/wp-content\/uploads\/sites\/15\/2023\/11\/sikorki-1-726x1024.jpg 726w, https:\/\/przedszkole121.edu.wroclaw.pl\/wp-content\/uploads\/sites\/15\/2023\/11\/sikorki-1-768x1083.jpg 768w, https:\/\/przedszkole121.edu.wroclaw.pl\/wp-content\/uploads\/sites\/15\/2023\/11\/sikorki-1-600x846.jpg 600w, https:\/\/przedszkole121.edu.wroclaw.pl\/wp-content\/uploads\/sites\/15\/2023\/11\/sikorki-1-1089x1536.jpg 1089w, https:\/\/przedszkole121.edu.wroclaw.pl\/wp-content\/uploads\/sites\/15\/2023\/11\/sikorki-1.jpg 1387w\" sizes=\"auto, (max-width: 213px) 100vw, 213px\" \/>[\/vc_column_text][cms_fancybox content_align=&#8221;center&#8221; title1=&#8221;Grupa Sikorki, dzieci 3,4-letnie.&#8221; button_link1=&#8221;https:\/\/przedszkole121.edu.wroclaw.pl\/?page_id=145&#8243; button_text=&#8221;Przejd\u017a na stron\u0119 grupy.&#8221; cms_fancybox_bg_color=&#8221;#8ec044&#8243; cms_template=&#8221;cms_fancybox.php&#8221; description1=&#8221;Nasze panie to pani Iwona Finke i Kamila Dujin&#8221; heading_1=&#8221;&#8221;][vc_empty_space][vc_column_text css=&#8221;.vc_custom_1699981131006{margin-bottom: -15px !important;padding-top: 0px !important;padding-bottom: 0px !important;}&#8221;]<img loading=\"lazy\" decoding=\"async\" class=\"alignnone wp-image-6203 size-medium\" src=\"https:\/\/przedszkole121.edu.wroclaw.pl\/wp-content\/uploads\/sites\/15\/2023\/11\/Skowronki-1-1-212x300.jpg\" alt=\"\" width=\"212\" height=\"300\" srcset=\"https:\/\/przedszkole121.edu.wroclaw.pl\/wp-content\/uploads\/sites\/15\/2023\/11\/Skowronki-1-1-212x300.jpg 212w, https:\/\/przedszkole121.edu.wroclaw.pl\/wp-content\/uploads\/sites\/15\/2023\/11\/Skowronki-1-1-725x1024.jpg 725w, https:\/\/przedszkole121.edu.wroclaw.pl\/wp-content\/uploads\/sites\/15\/2023\/11\/Skowronki-1-1-768x1085.jpg 768w, https:\/\/przedszkole121.edu.wroclaw.pl\/wp-content\/uploads\/sites\/15\/2023\/11\/Skowronki-1-1-600x848.jpg 600w, https:\/\/przedszkole121.edu.wroclaw.pl\/wp-content\/uploads\/sites\/15\/2023\/11\/Skowronki-1-1-1087x1536.jpg 1087w, https:\/\/przedszkole121.edu.wroclaw.pl\/wp-content\/uploads\/sites\/15\/2023\/11\/Skowronki-1-1-1449x2048.jpg 1449w, https:\/\/przedszkole121.edu.wroclaw.pl\/wp-content\/uploads\/sites\/15\/2023\/11\/Skowronki-1-1.jpg 1737w\" sizes=\"auto, (max-width: 212px) 100vw, 212px\" \/>[\/vc_column_text][cms_fancybox content_align=&#8221;center&#8221; title1=&#8221;Grupa Skowronki, dzieci 5-letnie.&#8221; button_link1=&#8221;https:\/\/przedszkole121.edu.wroclaw.pl\/?page_id=152&#8243; button_text=&#8221;Przejd\u017a na stron\u0119 grupy.&#8221; cms_fancybox_bg_color=&#8221;#8ec044&#8243; cms_template=&#8221;cms_fancybox.php&#8221; description1=&#8221;Nasze panie to Justyna Szymczyk, Anna Zio\u0142o i Iwona Bielec &#8221; heading_1=&#8221;&#8221;][\/vc_column][\/vc_row]<\/p>\n<\/div>","protected":false},"excerpt":{"rendered":"<p>[vc_row][vc_column width=&#8221;1\/3&#8243;][vc_column_text css=&#8221;.vc_custom_1699981151237{margin-bottom: -15px !important;padding-top: 0px !important;padding-bottom: 0px !important;}&#8221;][\/vc_column_text][cms_fancybox description=&#8221;Grupa S\u00f3wek- nauczycielki:Marta Podg\u00f3rska i Joanna Zieli\u0144ska&#8221; content_align=&#8221;center&#8221; title1=&#8221;Grupa S\u00f3wki Dzieci 6-letnie &#8222;Zer\u00f3wka&#8222;&#8221; button_link1=&#8221;https:\/\/przedszkole121.edu.wroclaw.pl\/?page_id=154&#8243; button_text=&#8221;Przejd\u017a na stron\u0119 grupy.&#8221; cms_fancybox_bg_color=&#8221;#8ec044&#8243; cms_template=&#8221;cms_fancybox.php&#8221; description1=&#8221;Nasze [&hellip;]<\/p>\n","protected":false},"author":15,"featured_media":0,"parent":0,"menu_order":0,"comment_status":"closed","ping_status":"closed","template":"","meta":{"ngg_post_thumbnail":0,"footnotes":""},"class_list":["post-103","page","type-page","status-publish","hentry","clearfix"],"_links":{"self":[{"href":"https:\/\/przedszkole121.edu.wroclaw.pl\/index.php\/wp-json\/wp\/v2\/pages\/103","targetHints":{"allow":["GET"]}}],"collection":[{"href":"https:\/\/przedszkole121.edu.wroclaw.pl\/index.php\/wp-json\/wp\/v2\/pages"}],"about":[{"href":"https:\/\/przedszkole121.edu.wroclaw.pl\/index.php\/wp-json\/wp\/v2\/types\/page"}],"author":[{"embeddable":true,"href":"https:\/\/przedszkole121.edu.wroclaw.pl\/index.php\/wp-json\/wp\/v2\/users\/15"}],"replies":[{"embeddable":true,"href":"https:\/\/przedszkole121.edu.wroclaw.pl\/index.php\/wp-json\/wp\/v2\/comments?post=103"}],"version-history":[{"count":74,"href":"https:\/\/przedszkole121.edu.wroclaw.pl\/index.php\/wp-json\/wp\/v2\/pages\/103\/revisions"}],"predecessor-version":[{"id":6214,"href":"https:\/\/przedszkole121.edu.wroclaw.pl\/index.php\/wp-json\/wp\/v2\/pages\/103\/revisions\/6214"}],"wp:attachment":[{"href":"https:\/\/przedszkole121.edu.wroclaw.pl\/index.php\/wp-json\/wp\/v2\/media?parent=103"}],"curies":[{"name":"wp","href":"https:\/\/api.w.org\/{rel}","templated":true}]}}

<div class="wpb-content-wrapper"><p>[vc_row][vc_column width=&#8221;1/3&#8243;][vc_column_text css=&#8221;.vc_custom_1699981151237{margin-bottom: -15px !important;padding-top: 0px !important;padding-bottom: 0px !important;}&#8221;]<img loading="lazy" decoding="async" class="alignnone wp-image-6208 size-medium" src="https://przedszkole121.edu.wroclaw.pl/wp-content/uploads/sites/15/2023/11/sowki-1-205x300.jpg" alt="" width="205" height="300" srcset="https://przedszkole121.edu.wroclaw.pl/wp-content/uploads/sites/15/2023/11/sowki-1-205x300.jpg 205w, https://przedszkole121.edu.wroclaw.pl/wp-content/uploads/sites/15/2023/11/sowki-1-700x1024.jpg 700w, https://przedszkole121.edu.wroclaw.pl/wp-content/uploads/sites/15/2023/11/sowki-1-768x1124.jpg 768w, https://przedszkole121.edu.wroclaw.pl/wp-content/uploads/sites/15/2023/11/sowki-1-600x878.jpg 600w, https://przedszkole121.edu.wroclaw.pl/wp-content/uploads/sites/15/2023/11/sowki-1-1049x1536.jpg 1049w, https://przedszkole121.edu.wroclaw.pl/wp-content/uploads/sites/15/2023/11/sowki-1.jpg 1389w" sizes="auto, (max-width: 205px) 100vw, 205px" />[/vc_column_text][cms_fancybox description=&#8221;Grupa Sówek- nauczycielki:Marta Podgórska i Joanna Zielińska&#8221; content_align=&#8221;center&#8221; title1=&#8221;Grupa Sówki Dzieci 6-letnie &#8222;Zerówka&#8222;&#8221; button_link1=&#8221;https://przedszkole121.edu.wroclaw.pl/?page_id=154&#8243; button_text=&#8221;Przejdź na stronę grupy.&#8221; cms_fancybox_bg_color=&#8221;#8ec044&#8243; cms_template=&#8221;cms_fancybox.php&#8221; description1=&#8221;Nasze panie to pani Joanna Zielińska i Marta Podgórska&#8221; heading_1=&#8221;&#8221;][vc_empty_space][vc_column_text css=&#8221;.vc_custom_1699981089845{margin-bottom: -15px !important;padding-top: 0px !important;padding-bottom: 0px !important;}&#8221;]<img loading="lazy" decoding="async" class="alignnone wp-image-6206 size-medium" src="https://przedszkole121.edu.wroclaw.pl/wp-content/uploads/sites/15/2023/11/wrobelki-1-1-225x300.jpg" alt="" width="225" height="300" srcset="https://przedszkole121.edu.wroclaw.pl/wp-content/uploads/sites/15/2023/11/wrobelki-1-1-225x300.jpg 225w, https://przedszkole121.edu.wroclaw.pl/wp-content/uploads/sites/15/2023/11/wrobelki-1-1-768x1024.jpg 768w, https://przedszkole121.edu.wroclaw.pl/wp-content/uploads/sites/15/2023/11/wrobelki-1-1-600x800.jpg 600w, https://przedszkole121.edu.wroclaw.pl/wp-content/uploads/sites/15/2023/11/wrobelki-1-1-1152x1536.jpg 1152w, https://przedszkole121.edu.wroclaw.pl/wp-content/uploads/sites/15/2023/11/wrobelki-1-1-1536x2048.jpg 1536w, https://przedszkole121.edu.wroclaw.pl/wp-content/uploads/sites/15/2023/11/wrobelki-1-1.jpg 1556w" sizes="auto, (max-width: 225px) 100vw, 225px" />[/vc_column_text][cms_fancybox content_align=&#8221;center&#8221; title1=&#8221;Grupa Wróbelki, dzieci 3-letnie.&#8221; button_link1=&#8221;https://przedszkole121.edu.wroclaw.pl/?page_id=143&#8243; button_text=&#8221;Przejdź na stronę grupy.&#8221; cms_fancybox_bg_color=&#8221;#8ec044&#8243; cms_template=&#8221;cms_fancybox.php&#8221; description1=&#8221;Nasze panie to pani Ewa Bandziak i Aleksandra Kondracka&#8221; heading_1=&#8221;&#8221;][/vc_column][vc_column width=&#8221;1/3&#8243;][vc_column_text css=&#8221;.vc_custom_1699981171110{margin-bottom: -15px !important;padding-top: 0px !important;padding-bottom: 0px !important;}&#8221;]<img loading="lazy" decoding="async" class="alignnone wp-image-6198 size-medium" src="https://przedszkole121.edu.wroclaw.pl/wp-content/uploads/sites/15/2023/11/kaczuszki-1-212x300.jpg" alt="" width="212" height="300" srcset="https://przedszkole121.edu.wroclaw.pl/wp-content/uploads/sites/15/2023/11/kaczuszki-1-212x300.jpg 212w, https://przedszkole121.edu.wroclaw.pl/wp-content/uploads/sites/15/2023/11/kaczuszki-1-722x1024.jpg 722w, https://przedszkole121.edu.wroclaw.pl/wp-content/uploads/sites/15/2023/11/kaczuszki-1-768x1089.jpg 768w, https://przedszkole121.edu.wroclaw.pl/wp-content/uploads/sites/15/2023/11/kaczuszki-1-600x851.jpg 600w, https://przedszkole121.edu.wroclaw.pl/wp-content/uploads/sites/15/2023/11/kaczuszki-1-1083x1536.jpg 1083w, https://przedszkole121.edu.wroclaw.pl/wp-content/uploads/sites/15/2023/11/kaczuszki-1-1444x2048.jpg 1444w, https://przedszkole121.edu.wroclaw.pl/wp-content/uploads/sites/15/2023/11/kaczuszki-1.jpg 1718w" sizes="auto, (max-width: 212px) 100vw, 212px" />[/vc_column_text][cms_fancybox content_align=&#8221;center&#8221; title1=&#8221;Grupa Kaczuszki, dzieci 4-letnie&#8221; button_link1=&#8221;https://przedszkole121.edu.wroclaw.pl/?page_id=148&#8243; button_text=&#8221;Przejdź na stronę grupy.&#8221; cms_fancybox_bg_color=&#8221;#8ec044&#8243; cms_template=&#8221;cms_fancybox.php&#8221; description1=&#8221;Nasze panie to pani Kazimiera Wójcicka i Wioletta Surowiecka &#8221; heading_1=&#8221;&#8221;][vc_empty_space][vc_column_text css=&#8221;.vc_custom_1699981111206{margin-bottom: -15px !important;padding-top: 0px !important;padding-bottom: 0px !important;}&#8221;]<img loading="lazy" decoding="async" class="alignnone wp-image-6196 size-medium" src="https://przedszkole121.edu.wroclaw.pl/wp-content/uploads/sites/15/2023/11/jaskolki-1-284x300.jpg" alt="" width="284" height="300" srcset="https://przedszkole121.edu.wroclaw.pl/wp-content/uploads/sites/15/2023/11/jaskolki-1-284x300.jpg 284w, https://przedszkole121.edu.wroclaw.pl/wp-content/uploads/sites/15/2023/11/jaskolki-1-971x1024.jpg 971w, https://przedszkole121.edu.wroclaw.pl/wp-content/uploads/sites/15/2023/11/jaskolki-1-768x810.jpg 768w, https://przedszkole121.edu.wroclaw.pl/wp-content/uploads/sites/15/2023/11/jaskolki-1-600x633.jpg 600w, https://przedszkole121.edu.wroclaw.pl/wp-content/uploads/sites/15/2023/11/jaskolki-1-1456x1536.jpg 1456w, https://przedszkole121.edu.wroclaw.pl/wp-content/uploads/sites/15/2023/11/jaskolki-1.jpg 1799w" sizes="auto, (max-width: 284px) 100vw, 284px" />[/vc_column_text][cms_fancybox content_align=&#8221;center&#8221; title1=&#8221;Grupa Jaskółki dzieci 5 letnie.&#8221; button_link1=&#8221;https://przedszkole121.edu.wroclaw.pl/?page_id=150&#8243; button_text=&#8221;Przejdź na stronę grupy.&#8221; cms_fancybox_bg_color=&#8221;#8ec044&#8243; cms_template=&#8221;cms_fancybox.php&#8221; description1=&#8221;Nasze panie to Joanna Olkowska i Anna Stadnik &#8221; heading_1=&#8221;&#8221;][/vc_column][vc_column width=&#8221;1/3&#8243;][vc_column_text css=&#8221;.vc_custom_1699981190806{margin-bottom: -15px !important;padding-top: 0px !important;padding-bottom: 0px !important;}&#8221;]<img loading="lazy" decoding="async" class="alignnone wp-image-6200 size-medium" src="https://przedszkole121.edu.wroclaw.pl/wp-content/uploads/sites/15/2023/11/sikorki-1-213x300.jpg" alt="" width="213" height="300" srcset="https://przedszkole121.edu.wroclaw.pl/wp-content/uploads/sites/15/2023/11/sikorki-1-213x300.jpg 213w, https://przedszkole121.edu.wroclaw.pl/wp-content/uploads/sites/15/2023/11/sikorki-1-726x1024.jpg 726w, https://przedszkole121.edu.wroclaw.pl/wp-content/uploads/sites/15/2023/11/sikorki-1-768x1083.jpg 768w, https://przedszkole121.edu.wroclaw.pl/wp-content/uploads/sites/15/2023/11/sikorki-1-600x846.jpg 600w, https://przedszkole121.edu.wroclaw.pl/wp-content/uploads/sites/15/2023/11/sikorki-1-1089x1536.jpg 1089w, https://przedszkole121.edu.wroclaw.pl/wp-content/uploads/sites/15/2023/11/sikorki-1.jpg 1387w" sizes="auto, (max-width: 213px) 100vw, 213px" />[/vc_column_text][cms_fancybox content_align=&#8221;center&#8221; title1=&#8221;Grupa Sikorki, dzieci 3,4-letnie.&#8221; button_link1=&#8221;https://przedszkole121.edu.wroclaw.pl/?page_id=145&#8243; button_text=&#8221;Przejdź na stronę grupy.&#8221; cms_fancybox_bg_color=&#8221;#8ec044&#8243; cms_template=&#8221;cms_fancybox.php&#8221; description1=&#8221;Nasze panie to pani Iwona Finke i Kamila Dujin&#8221; heading_1=&#8221;&#8221;][vc_empty_space][vc_column_text css=&#8221;.vc_custom_1699981131006{margin-bottom: -15px !important;padding-top: 0px !important;padding-bottom: 0px !important;}&#8221;]<img loading="lazy" decoding="async" class="alignnone wp-image-6203 size-medium" src="https://przedszkole121.edu.wroclaw.pl/wp-content/uploads/sites/15/2023/11/Skowronki-1-1-212x300.jpg" alt="" width="212" height="300" srcset="https://przedszkole121.edu.wroclaw.pl/wp-content/uploads/sites/15/2023/11/Skowronki-1-1-212x300.jpg 212w, https://przedszkole121.edu.wroclaw.pl/wp-content/uploads/sites/15/2023/11/Skowronki-1-1-725x1024.jpg 725w, https://przedszkole121.edu.wroclaw.pl/wp-content/uploads/sites/15/2023/11/Skowronki-1-1-768x1085.jpg 768w, https://przedszkole121.edu.wroclaw.pl/wp-content/uploads/sites/15/2023/11/Skowronki-1-1-600x848.jpg 600w, https://przedszkole121.edu.wroclaw.pl/wp-content/uploads/sites/15/2023/11/Skowronki-1-1-1087x1536.jpg 1087w, https://przedszkole121.edu.wroclaw.pl/wp-content/uploads/sites/15/2023/11/Skowronki-1-1-1449x2048.jpg 1449w, https://przedszkole121.edu.wroclaw.pl/wp-content/uploads/sites/15/2023/11/Skowronki-1-1.jpg 1737w" sizes="auto, (max-width: 212px) 100vw, 212px" />[/vc_column_text][cms_fancybox content_align=&#8221;center&#8221; title1=&#8221;Grupa Skowronki, dzieci 5-letnie.&#8221; button_link1=&#8221;https://przedszkole121.edu.wroclaw.pl/?page_id=152&#8243; button_text=&#8221;Przejdź na stronę grupy.&#8221; cms_fancybox_bg_color=&#8221;#8ec044&#8243; cms_template=&#8221;cms_fancybox.php&#8221; description1=&#8221;Nasze panie to Justyna Szymczyk, Anna Zioło i Iwona Bielec &#8221; heading_1=&#8221;&#8221;][/vc_column][/vc_row]</p>
</div>

<p>[vc_row][vc_column width=&#8221;1/3&#8243;][vc_column_text css=&#8221;.vc_custom_1699981151237{margin-bottom: -15px !important;padding-top: 0px !important;padding-bottom: 0px !important;}&#8221;][/vc_column_text][cms_fancybox description=&#8221;Grupa Sówek- nauczycielki:Marta Podgórska i Joanna Zielińska&#8221; content_align=&#8221;center&#8221; title1=&#8221;Grupa Sówki Dzieci 6-letnie &#8222;Zerówka&#8222;&#8221; button_link1=&#8221;https://przedszkole121.edu.wroclaw.pl/?page_id=154&#8243; button_text=&#8221;Przejdź na stronę grupy.&#8221; cms_fancybox_bg_color=&#8221;#8ec044&#8243; cms_template=&#8221;cms_fancybox.php&#8221; description1=&#8221;Nasze [&hellip;]</p>
