
{"id":154,"date":"2016-01-05T13:50:11","date_gmt":"2016-01-05T12:50:11","guid":{"rendered":"https:\/\/przedszkole121.edu.wroclaw.pl\/?page_id=154"},"modified":"2024-09-27T09:52:14","modified_gmt":"2024-09-27T07:52:14","slug":"grupa-sowki","status":"publish","type":"page","link":"https:\/\/przedszkole121.edu.wroclaw.pl\/index.php\/grupy\/grupa-sowki\/","title":{"rendered":"Grupa S\u00f3wki"},"content":{"rendered":"<div class=\"wpb-content-wrapper\"><p>[vc_row full_width=&#8221;1&#8243; row_head_color=&#8221;#575656&#8243;][vc_column width=&#8221;1\/2&#8243; list_style=&#8221;list-style-check green&#8221; css=&#8221;.vc_custom_1431518185360{padding-right: 30px !important;padding-left: 60px !important;}&#8221; cms_title_size=&#8221;h2&#8243; el_class=&#8221;padding-30&#8243;][vc_column_text]<\/p>\n<h1 style=\"text-align: center;\"><span style=\"color: #008000; font-size: 24px;\"><img loading=\"lazy\" decoding=\"async\" class=\"size-full wp-image-385 aligncenter\" src=\"https:\/\/przedszkole121.edu.wroclaw.pl\/wp-content\/uploads\/sites\/15\/2016\/01\/sowa.png\" alt=\"sowa\" width=\"200\" height=\"186\"><\/span><span style=\"color: #008000; font-size: 24px;\">O nas<\/span><\/h1>\n<p>[\/vc_column_text][vc_separator color=&#8221;custom&#8221; border_width=&#8221;3&#8243; el_width=&#8221;50&#8243; accent_color=&#8221;#008000&#8243;][vc_row_inner css=&#8221;.vc_custom_1429852559362{padding-right: 0px !important;padding-left: 0px !important;}&#8221;][vc_column_inner font_size_col=&#8221;24px&#8221; font_line_height=&#8221;31px&#8221; font_weight_col=&#8221;700&#8243; css=&#8221;.vc_custom_1429938021622{padding-right: 0px !important;padding-left: 0px !important;}&#8221; font_color=&#8221;#6f4792&#8243;][vc_column_text]<\/p>\n<p style=\"text-align: left;\"><strong><span style=\"color: #008000;\">Witamy w grupie S\u00f3wek \ud83d\ude42<\/span><\/strong><br \/>\n<span style=\"color: #008000;\"><strong>Rozpocz\u0119li\u015bmy kolejny \u2013 ostatni rok naszej \u201eprzedszkolnej przygody\u201d.P\u00f3ki co przed nami czas nowych wyzwa\u0144, nauki i beztroskiej zabawy. Tak wi\u0119c do roboty! Jeste\u015bmy ch\u0119tni do zdobywania wiedzy, poznawania wszystkiego i wszystkich. Dlatego ch\u0119tnie bierzemy udzia\u0142 w proponowanych nam zaj\u0119ciach, kt\u00f3re pomagaj\u0105 rozwija\u0107 nasz\u0105 sprawno\u015b\u0107 ruchow\u0105, systematyczno\u015b\u0107 i umiej\u0119tno\u015b\u0107 wsp\u00f3\u0142dzia\u0142ania. A to nam si\u0119 przyda. Chcemy tak\u017ce powoli przygotowywa\u0107 si\u0119 do czytania i pisania. W dalszym ci\u0105gu b\u0119dziemy poszerza\u0107 nasze zainteresowania plastyczne, muzyczne i sportowe. Tradycyjnie w naszym przedszkolu dzia\u0142amy proekologicznie, dbamy o \u015brodowisko, w kt\u00f3rym \u017cyjemy zbieraj\u0105c baterie, plastikowe zakr\u0119tki itp. Du\u017c\u0105 wag\u0119 przywi\u0105zujemy do bezpiecznych zabaw i zdrowego od\u017cywiania (zdrowa kanapka). Jak na starszaka przysta\u0142o b\u0119dziemy kszta\u0142towa\u0107 prawid\u0142owe nawyki higieniczne.<\/strong><br \/>\n<\/span><\/p>\n<p>[\/vc_column_text][\/vc_column_inner][\/vc_row_inner][\/vc_column][vc_column width=&#8221;1\/2&#8243; css=&#8221;.vc_custom_1665348568112{padding-top: 253px !important;padding-right: 253px !important;padding-bottom: 253px !important;padding-left: 253px !important;background: rgba(106,214,29,0.82) url(https:\/\/przedszkole121.edu.wroclaw.pl\/wp-content\/uploads\/sites\/15\/2022\/10\/Sowki.jpg?id=5738) !important;background-position: center !important;background-repeat: no-repeat !important;background-size: cover !important;*background-color: rgb(106,214,29) !important;border-radius: 1px !important;}&#8221; cms_title_size=&#8221;h2&#8243;][vc_column_text css=&#8221;.vc_custom_1633279922268{background-image: url(https:\/\/przedszkole121.edu.wroclaw.pl\/wp-content\/uploads\/sites\/15\/2021\/09\/Sowki-2.jpg?id=5214) !important;}&#8221;][\/vc_column_text][\/vc_column][\/vc_row][vc_row full_width=&#8221;1&#8243; row_head_color=&#8221;#575656&#8243;][vc_column width=&#8221;1\/2&#8243; css=&#8221;.vc_custom_1585050317563{padding-top: 200px !important;padding-bottom: 200px !important;background-image: url(https:\/\/przedszkole121.edu.wroclaw.pl\/wp-content\/uploads\/sites\/15\/2020\/03\/sowa.jpeg?id=4192) !important;background-position: center !important;background-repeat: no-repeat !important;background-size: cover !important;}&#8221; cms_title_size=&#8221;h2&#8243;][vc_column_text]<br \/>\n[\/vc_column_text][\/vc_column][vc_column width=&#8221;1\/2&#8243; css=&#8221;.vc_custom_1431523806417{padding-right: 30px !important;padding-left: 30px !important;}&#8221; cms_title_size=&#8221;h2&#8243;][vc_column_text]<\/p>\n<h2 style=\"color: #008000; font-size: 24px;\">S\u00f3wki w liczbach<\/h2>\n<p>[\/vc_column_text][vc_column_text]<span style=\"color: #008000;\"><strong>Nasze panie to pani Joanna Zieli\u0144ska,pani Marta Podg\u00f3rska i pani Wiola Surowiecka. Pomagaj\u0105 nam pani Agnieszka Nalepa i pani Monika Tu\u0142aszwili.<\/strong><\/span>[\/vc_column_text][cms_progressbar item_title=&#8221;Mamy 6 lat&#8221; show_value=&#8221;false&#8221; value=&#8221;100&#8243; width=&#8221;100%&#8221; height=&#8221;38px&#8221; striped=&#8221;no&#8221; color=&#8221;#81b747&#8243; cms_template=&#8221;cms_progressbar.php&#8221; value_suffix=&#8221;6 lat&#8221;][cms_progressbar item_title=&#8221;Dziewczynek jest 11&#8243; show_value=&#8221;false&#8221; value=&#8221;40&#8243; width=&#8221;100%&#8221; height=&#8221;38px&#8221; striped=&#8221;no&#8221; color=&#8221;#d94e90&#8243; cms_template=&#8221;cms_progressbar.php&#8221;][cms_progressbar item_title=&#8221;Ch\u0142opc\u00f3w jest 14&#8243; show_value=&#8221;false&#8221; width=&#8221;100%&#8221; height=&#8221;38px&#8221; striped=&#8221;no&#8221; color=&#8221;#02b0d2&#8243; cms_template=&#8221;cms_progressbar.php&#8221;][\/vc_column][\/vc_row][vc_row][vc_column][\/vc_column][\/vc_row][vc_row row_head_color=&#8221;#575656&#8243; bg_style=&#8221;hvideo&#8221; row_arrow=&#8221;yes&#8221; arrow_color=&#8221;#f5f5f5&#8243; css=&#8221;.vc_custom_1606915332114{background-position: 0 0 !important;background-repeat: repeat !important;}&#8221;][vc_column cms_title_size=&#8221;h2&#8243; cms_counter_border_color=&#8221;&#8221; cms_counter_bg_color=&#8221;&#8221;][vc_column_text]<\/p>\n<h2 style=\"color: #008000; font-size: 24px;\">Zaj\u0119cia dodatkowe &#8222;S\u00f3wek&#8221;<\/h2>\n<p>[\/vc_column_text][vc_column_text css_animation=&#8221;top-to-bottom&#8221;]<\/p>\n<p style=\"text-align: left;\"><span style=\"color: #000000;\"><strong>Dwa razy w tygodniu \u0107wiczymy ch\u0119tnie na gimnastyce korekcyjnej z pani\u0105 Justyn\u0105. Raz w tygodniu mamy te\u017c gimnastyk\u0119 z elementami akrobatyki.<\/strong><\/span><br \/>\n<span style=\"color: #000000;\"><strong>Ch\u0119tne dzieci maj\u0105 katechez\u0119 z pani\u0105 katechetk\u0105.<\/strong><\/span><br \/>\n<span style=\"color: #000000;\"><strong>\u015apiewamy i \u0107wiczymy rytmicznie z pani\u0105 Magd\u0105. Uczymy si\u0119 j\u0119zyka niemieckiego z pani\u0105 Iwon\u0105.<\/strong><\/span><br \/>\n<span style=\"color: #000000;\"><strong>Spotykamy si\u0119 r\u00f3wnie\u017c z pani\u0105 Mariol\u0105, nasz\u0105 logoped\u0105, kt\u00f3ra \u0107wiczy z nami prawid\u0142ow\u0105 wymow\u0119 .W ramach programu &#8222;Mali wspaniali&#8221; poznajemy elementy karate.<br \/>\n<\/strong><\/span><\/p>\n<p>[\/vc_column_text][vc_column_text]<\/p>\n<h2 style=\"color: #008000; font-size: 24px;\">Nasze wierszyki i piosenki<\/h2>\n<p>[\/vc_column_text][vc_row_inner][vc_column_inner width=&#8221;1\/2&#8243;][vc_column_text]<\/p>\n<ul>\n<li style=\"text-align: center;\">S\u0142o\u0144ce schowa\u0142o si\u0119 za chmury-<\/li>\n<li style=\"text-align: center;\">trzeba za\u0142o\u017cy\u0107 dzi\u015b kalosze,<\/li>\n<li style=\"text-align: center;\">ogr\u00f3d si\u0119 zrobi\u0142 szarobury,<\/li>\n<li style=\"text-align: center;\">a z nieba pada deszczu groszek.<\/li>\n<li style=\"text-align: center;\">Powia\u0142o ch\u0142odem,dni s\u0105 kr\u00f3tsze,bbl<\/li>\n<li style=\"text-align: center;\">ostatni listek z drzewa opad\u0142,<\/li>\n<li style=\"text-align: center;\">a nied\u017awiedzica w ciep\u0142ym futrze<\/li>\n<li style=\"text-align: center;\">westchn\u0119\u0142a cicho:- Ju\u017c listopad&#8230;<\/li>\n<\/ul>\n<p>[\/vc_column_text][\/vc_column_inner][vc_column_inner width=&#8221;1\/2&#8243;][vc_colu<\/p>\n<\/div>","protected":false},"excerpt":{"rendered":"<p>[vc_row full_width=&#8221;1&#8243; row_head_color=&#8221;#575656&#8243;][vc_column width=&#8221;1\/2&#8243; list_style=&#8221;list-style-check green&#8221; css=&#8221;.vc_custom_1431518185360{padding-right: 30px !important;padding-left: 60px !important;}&#8221; cms_title_size=&#8221;h2&#8243; el_class=&#8221;padding-30&#8243;][vc_column_text] O nas [\/vc_column_text][vc_separator color=&#8221;custom&#8221; border_width=&#8221;3&#8243; el_width=&#8221;50&#8243; accent_color=&#8221;#008000&#8243;][vc_row_inner css=&#8221;.vc_custom_1429852559362{padding-right: 0px !important;padding-left: 0px !important;}&#8221;][vc_column_inner font_size_col=&#8221;24px&#8221; font_line_height=&#8221;31px&#8221; font_weight_col=&#8221;700&#8243; css=&#8221;.vc_custom_1429938021622{padding-right: 0px [&hellip;]<\/p>\n","protected":false},"author":15,"featured_media":0,"parent":103,"menu_order":0,"comment_status":"closed","ping_status":"closed","template":"","meta":{"ngg_post_thumbnail":0,"footnotes":""},"class_list":["post-154","page","type-page","status-publish","hentry","clearfix"],"_links":{"self":[{"href":"https:\/\/przedszkole121.edu.wroclaw.pl\/index.php\/wp-json\/wp\/v2\/pages\/154","targetHints":{"allow":["GET"]}}],"collection":[{"href":"https:\/\/przedszkole121.edu.wroclaw.pl\/index.php\/wp-json\/wp\/v2\/pages"}],"about":[{"href":"https:\/\/przedszkole121.edu.wroclaw.pl\/index.php\/wp-json\/wp\/v2\/types\/page"}],"author":[{"embeddable":true,"href":"https:\/\/przedszkole121.edu.wroclaw.pl\/index.php\/wp-json\/wp\/v2\/users\/15"}],"replies":[{"embeddable":true,"href":"https:\/\/przedszkole121.edu.wroclaw.pl\/index.php\/wp-json\/wp\/v2\/comments?post=154"}],"version-history":[{"count":291,"href":"https:\/\/przedszkole121.edu.wroclaw.pl\/index.php\/wp-json\/wp\/v2\/pages\/154\/revisions"}],"predecessor-version":[{"id":6438,"href":"https:\/\/przedszkole121.edu.wroclaw.pl\/index.php\/wp-json\/wp\/v2\/pages\/154\/revisions\/6438"}],"up":[{"embeddable":true,"href":"https:\/\/przedszkole121.edu.wroclaw.pl\/index.php\/wp-json\/wp\/v2\/pages\/103"}],"wp:attachment":[{"href":"https:\/\/przedszkole121.edu.wroclaw.pl\/index.php\/wp-json\/wp\/v2\/media?parent=154"}],"curies":[{"name":"wp","href":"https:\/\/api.w.org\/{rel}","templated":true}]}}