
{"id":26,"date":"2015-12-17T14:52:39","date_gmt":"2015-12-17T13:52:39","guid":{"rendered":"http:\/\/przedszkole121.edu.wroclaw.pl\/?page_id=26"},"modified":"2026-01-07T15:54:52","modified_gmt":"2026-01-07T14:54:52","slug":"kontakt","status":"publish","type":"page","link":"https:\/\/przedszkole121.edu.wroclaw.pl\/index.php\/kontakt\/","title":{"rendered":"Kontakt"},"content":{"rendered":"<div class=\"wpb-content-wrapper\"><p>[vc_row full_width=&#8221;1&#8243;][vc_column font_color=&#8221;#52810D&#8221;][vc_raw_html]JTNDaWZyYW1lJTIwc2Nyb2xsaW5nJTNEJTIybm8lMjIlMjBtYXJnaW5oZWlnaHQlM0QlMjIwJTIyJTIwbWFyZ2lud2lkdGglM0QlMjIwJTIyJTIwc3JjJTNEJTIyaHR0cHMlM0ElMkYlMkZtYXBzLmdvb2dsZS5jb20lMkZtYXBzJTNGd2lkdGglM0QxMDAlMjUyNSUyNmFtcCUzQmhlaWdodCUzRDMwMCUyNmFtcCUzQmhsJTNEZW4lMjZhbXAlM0JxJTNEdWwuJTI1MjBUcmFtd2Fqb3dhJTI1MjAzNCUyQyUyNTIwJTI1MjA1MS02MjElMjUyMFdyb2MlMjVDNSUyNTgyYXclMkIlMjhQcnplZHN6a29sZSUyNTIwbnIlMjUyMDEyMSUyNTIwJTI1MjAlMjVFMiUyNTgwJTI1OUNaaWVsb25lJTI1MjBQcnplZHN6a29sZSUyNUUyJTI1ODAlMjU5RCUyOSUyNmFtcCUzQnQlM0QlMjZhbXAlM0J6JTNEMTQlMjZhbXAlM0JpZSUzRFVURjglMjZhbXAlM0Jpd2xvYyUzREIlMjZhbXAlM0JvdXRwdXQlM0RlbWJlZCUyMiUyMHdpZHRoJTNEJTIyMTAwJTI1JTIyJTIwaGVpZ2h0JTNEJTIyMzAwJTIyJTIwZnJhbWVib3JkZXIlM0QlMjIwJTIyJTNFJTNDJTJGaWZyYW1lJTNF[\/vc_raw_html][vc_column_text css_animation=&#8221;bottom-to-top&#8221;]<\/p>\n<h2 style=\"text-align: center;font-size: 36px;color: #184a25\">Masz pytania, napisz do nas<\/h2>\n<p>[\/vc_column_text][vc_separator color=&#8221;custom&#8221; border_width=&#8221;3&#8243; el_width=&#8221;50&#8243; accent_color=&#8221;#184a25&#8243;][\/vc_column][\/vc_row][vc_row][vc_column width=&#8221;1\/2&#8243;][vc_row_inner][vc_column_inner width=&#8221;1\/4&#8243; css=&#8221;.vc_custom_1451378474576{padding-top: 28px !important;}&#8221;][vc_icon icon_fontawesome=&#8221;fa fa-flag-o&#8221; color=&#8221;custom&#8221; align=&#8221;center&#8221; css_animation=&#8221;appear&#8221; custom_color=&#8221;#184a24&#8243;][\/vc_column_inner][vc_column_inner width=&#8221;3\/4&#8243;][vc_column_text css_animation=&#8221;appear&#8221;]<strong><span style=\"color: #008000\">Przedszkole nr 121<\/span><\/strong><br \/>\n<strong><span style=\"color: #008000\">&#8222;Zielone Przedszkole&#8221;<\/span><\/strong><br \/>\n<strong><span style=\"color: #008000\">ul. Tramwajowa 34,<\/span><\/strong><br \/>\n<strong><span style=\"color: #008000\">51-621 Wroc\u0142aw<\/span><\/strong>[\/vc_column_text][\/vc_column_inner][\/vc_row_inner][vc_row_inner][vc_column_inner width=&#8221;1\/4&#8243;][vc_icon icon_fontawesome=&#8221;fa fa-phone&#8221; color=&#8221;custom&#8221; align=&#8221;center&#8221; css_animation=&#8221;top-to-bottom&#8221; custom_color=&#8221;#184a24&#8243;][\/vc_column_inner][vc_column_inner width=&#8221;3\/4&#8243;][vc_column_text css_animation=&#8221;appear&#8221; css=&#8221;&#8221;]<strong><span style=\"color: #008000\">71\/798 67 60<\/span><\/strong><\/p>\n<p><strong><span style=\"color: #008000\">71 \/ 348 68 50 do poszczeg\u00f3lnych grup s\u0105 numery wewn\u0119trzne:<\/span><\/strong><\/p>\n<ul>\n<li><span style=\"color: #800080\">wr\u00f3belki-21<\/span><\/li>\n<li><span style=\"color: #008000\">sikorki-22<\/span><\/li>\n<li><span style=\"color: #800080\">kaczuszki-23<\/span><\/li>\n<li><span style=\"color: #008000\">s\u00f3wki-24<\/span><\/li>\n<li><span style=\"color: #800080\">jask\u00f3\u0142ki-25<\/span><\/li>\n<li><span style=\"color: #008000\">skowronki-32<\/span><\/li>\n<li><span style=\"color: #800080\">kuchnia-26<\/span><\/li>\n<li><span style=\"color: #008000\">intendent-27<\/span><\/li>\n<li><span style=\"color: #800080\">dyrekcja-30<\/span><\/li>\n<li><span style=\"color: #008000\">wicedyrektor, sekretarka-31<\/span><\/li>\n<\/ul>\n<p>[\/vc_column_text][vc_column_text css_animation=&#8221;appear&#8221;][\/vc_column_text][\/vc_column_inner][\/vc_row_inner][vc_row_inner][vc_column_inner width=&#8221;1\/4&#8243;][vc_icon icon_fontawesome=&#8221;fa fa-envelope-o&#8221; color=&#8221;custom&#8221; align=&#8221;center&#8221; css_animation=&#8221;bottom-to-top&#8221; custom_color=&#8221;#184a24&#8243;][\/vc_column_inner][vc_column_inner width=&#8221;3\/4&#8243;][vc_column_text css_animation=&#8221;left-to-right&#8221;]<strong><span style=\"color: #008000\">sekretariat.p121@wroclawskaedukacja.pl<\/span><\/strong><br \/>\n<strong><span style=\"color: #008000\">dyrekcja.przedszkole121@gmail.com<\/span><\/strong>[\/vc_column_text][\/vc_column_inner][\/vc_row_inner][\/vc_column][vc_column width=&#8221;1\/2&#8243;][vc_column_text css_animation=&#8221;top-to-bottom&#8221; css=&#8221;&#8221;]<\/p>\n<h5 style=\"text-align: justify\"><strong>W Przedszkolu nr 121 \u201eZielonym Przedszkolu\u201d dbamy o bezpiecze\u0144stwo naszych przedszkolak\u00f3w. Dbamy, aby drzwi wej\u015bciowe do plac\u00f3wki by\u0142y zamykane. Rodzicom\u00a0 i upowa\u017cnionym \u00a0przez nich osobom wydane s\u0105 karty i breloki\u00a0 do otwierania drzwi, kt\u00f3re jednocze\u015bnie s\u0142u\u017c\u0105 do rejestrowania czasu pobytu dziecka w przedszkolu. Rano, podczas przyprowadzenia dziecka do przedszkola oraz po po\u0142udniu podczas odbierania rodzice maj\u0105 obowi\u0105zek odbi\u0107 kart\u0119 w czytniku. Odbicia rejestrowane stanowi\u0105 podstaw\u0119 do naliczania rzeczywistego pobytu przedszkolaka w plac\u00f3wce.<\/strong><\/h5>\n<h3 style=\"padding-left: 150px;text-align: center\"><strong><span style=\"color: #008000\">Karty s\u0105 w\u0142asno\u015bci\u0105 przedszkola .<\/span><\/strong><\/h3>\n<p>[\/vc_column_text][\/vc_column][\/vc_row]<\/p>\n<\/div>","protected":false},"excerpt":{"rendered":"<p>[vc_row full_width=&#8221;1&#8243;][vc_column font_color=&#8221;#52810D&#8221;][vc_raw_html]JTNDaWZyYW1lJTIwc2Nyb2xsaW5nJTNEJTIybm8lMjIlMjBtYXJnaW5oZWlnaHQlM0QlMjIwJTIyJTIwbWFyZ2lud2lkdGglM0QlMjIwJTIyJTIwc3JjJTNEJTIyaHR0cHMlM0ElMkYlMkZtYXBzLmdvb2dsZS5jb20lMkZtYXBzJTNGd2lkdGglM0QxMDAlMjUyNSUyNmFtcCUzQmhlaWdodCUzRDMwMCUyNmFtcCUzQmhsJTNEZW4lMjZhbXAlM0JxJTNEdWwuJTI1MjBUcmFtd2Fqb3dhJTI1MjAzNCUyQyUyNTIwJTI1MjA1MS02MjElMjUyMFdyb2MlMjVDNSUyNTgyYXclMkIlMjhQcnplZHN6a29sZSUyNTIwbnIlMjUyMDEyMSUyNTIwJTI1MjAlMjVFMiUyNTgwJTI1OUNaaWVsb25lJTI1MjBQcnplZHN6a29sZSUyNUUyJTI1ODAlMjU5RCUyOSUyNmFtcCUzQnQlM0QlMjZhbXAlM0J6JTNEMTQlMjZhbXAlM0JpZSUzRFVURjglMjZhbXAlM0Jpd2xvYyUzREIlMjZhbXAlM0JvdXRwdXQlM0RlbWJlZCUyMiUyMHdpZHRoJTNEJTIyMTAwJTI1JTIyJTIwaGVpZ2h0JTNEJTIyMzAwJTIyJTIwZnJhbWVib3JkZXIlM0QlMjIwJTIyJTNFJTNDJTJGaWZyYW1lJTNF[\/vc_raw_html][vc_column_text css_animation=&#8221;bottom-to-top&#8221;] Masz pytania, napisz do nas [\/vc_column_text][vc_separator color=&#8221;custom&#8221; border_width=&#8221;3&#8243; el_width=&#8221;50&#8243; accent_color=&#8221;#184a25&#8243;][\/vc_column][\/vc_row][vc_row][vc_column width=&#8221;1\/2&#8243;][vc_row_inner][vc_column_inner width=&#8221;1\/4&#8243; css=&#8221;.vc_custom_1451378474576{padding-top: 28px !important;}&#8221;][vc_icon icon_fontawesome=&#8221;fa fa-flag-o&#8221; color=&#8221;custom&#8221; align=&#8221;center&#8221; css_animation=&#8221;appear&#8221; custom_color=&#8221;#184a24&#8243;][\/vc_column_inner][vc_column_inner width=&#8221;3\/4&#8243;][vc_column_text css_animation=&#8221;appear&#8221;]Przedszkole nr 121 &#8222;Zielone [&hellip;]<\/p>\n","protected":false},"author":15,"featured_media":0,"parent":0,"menu_order":0,"comment_status":"closed","ping_status":"closed","template":"","meta":{"ngg_post_thumbnail":0,"footnotes":""},"class_list":["post-26","page","type-page","status-publish","hentry","clearfix"],"_links":{"self":[{"href":"https:\/\/przedszkole121.edu.wroclaw.pl\/index.php\/wp-json\/wp\/v2\/pages\/26","targetHints":{"allow":["GET"]}}],"collection":[{"href":"https:\/\/przedszkole121.edu.wroclaw.pl\/index.php\/wp-json\/wp\/v2\/pages"}],"about":[{"href":"https:\/\/przedszkole121.edu.wroclaw.pl\/index.php\/wp-json\/wp\/v2\/types\/page"}],"author":[{"embeddable":true,"href":"https:\/\/przedszkole121.edu.wroclaw.pl\/index.php\/wp-json\/wp\/v2\/users\/15"}],"replies":[{"embeddable":true,"href":"https:\/\/przedszkole121.edu.wroclaw.pl\/index.php\/wp-json\/wp\/v2\/comments?post=26"}],"version-history":[{"count":93,"href":"https:\/\/przedszkole121.edu.wroclaw.pl\/index.php\/wp-json\/wp\/v2\/pages\/26\/revisions"}],"predecessor-version":[{"id":6646,"href":"https:\/\/przedszkole121.edu.wroclaw.pl\/index.php\/wp-json\/wp\/v2\/pages\/26\/revisions\/6646"}],"wp:attachment":[{"href":"https:\/\/przedszkole121.edu.wroclaw.pl\/index.php\/wp-json\/wp\/v2\/media?parent=26"}],"curies":[{"name":"wp","href":"https:\/\/api.w.org\/{rel}","templated":true}]}}